{"id":108,"date":"2019-01-02T21:11:09","date_gmt":"2019-01-02T21:11:09","guid":{"rendered":"https:\/\/www.uebersberg.de\/?page_id=108"},"modified":"2019-02-14T17:48:01","modified_gmt":"2019-02-14T17:48:01","slug":"aktivitaten","status":"publish","type":"page","link":"https:\/\/www.uebersberg.de\/index.php\/aktivitaten\/","title":{"rendered":"Aktivit\u00e4ten"},"content":{"rendered":"\n<figure class=\"wp-block-image\"><img loading=\"lazy\" decoding=\"async\" width=\"750\" height=\"268\" src=\"https:\/\/www.uebersberg.de\/wp-content\/uploads\/2019\/01\/burg.png\" alt=\"\" class=\"wp-image-601\" srcset=\"https:\/\/www.uebersberg.de\/wp-content\/uploads\/2019\/01\/burg.png 750w, https:\/\/www.uebersberg.de\/wp-content\/uploads\/2019\/01\/burg-300x107.png 300w\" sizes=\"auto, (max-width: 750px) 100vw, 750px\" \/><\/figure>\n\n\n\n<p>Unser Flugplatz befindet sich thermisch g\u00fcnstig gelegen fast direkt auf der Albkante, am Rande des wundersch\u00f6nen Biosp\u00e4hrengebietes Schw\u00e4bische Alb. Damit ist unser Segelflugplatz ein ideales Startgel\u00e4nde f\u00fcr Fl\u00fcge die Albkante entlang und in den S\u00fcden Deutschlands.<\/p>\n\n\n\n<p>Auf unserem 1200mx400m gro\u00dfen Fluggel\u00e4nde fliegen vier Vereine, die sich zur Flugsportgemeinschaft \u00dcbersberg zusammengeschlossen haben. Das Fluggel\u00e4nde wird in Gemeinschaft betrieben und unterhalten.<\/p>\n\n\n\n<p>Hier eine \u00dcbersicht der n\u00e4chsten Veranstaltungen auf dem \u00dcbersberg:<\/p>\n\n\n\n<table class=\"wp-block-table has-fixed-layout is-style-stripes\"><tbody><tr><td>Arbeitskreis Sektoren<\/td><td>15.02.2019<\/td><\/tr><tr><td>Arbeitseinsatz<\/td><td>30.03.2019<\/td><\/tr><tr><td>Walpurgisnacht<\/td><td>30.04.2019<\/td><\/tr><tr><td> \u00dcbersberg Wettbewerb   <\/td><td> 08.06.-15.06.2019<\/td><\/tr><\/tbody><\/table>\n","protected":false},"excerpt":{"rendered":"<p>Unser Flugplatz befindet sich thermisch g\u00fcnstig gelegen fast direkt auf der Albkante, am Rande des wundersch\u00f6nen Biosp\u00e4hrengebietes Schw\u00e4bische Alb. Damit ist unser Segelflugplatz ein ideales Startgel\u00e4nde f\u00fcr Fl\u00fcge die Albkante entlang und in den S\u00fcden Deutschlands. Auf unserem 1200mx400m gro\u00dfen<\/p>\n","protected":false},"author":1,"featured_media":0,"parent":0,"menu_order":0,"comment_status":"closed","ping_status":"closed","template":"","meta":{"ngg_post_thumbnail":0,"footnotes":""},"class_list":["post-108","page","type-page","status-publish","hentry"],"_links":{"self":[{"href":"https:\/\/www.uebersberg.de\/index.php\/wp-json\/wp\/v2\/pages\/108","targetHints":{"allow":["GET"]}}],"collection":[{"href":"https:\/\/www.uebersberg.de\/index.php\/wp-json\/wp\/v2\/pages"}],"about":[{"href":"https:\/\/www.uebersberg.de\/index.php\/wp-json\/wp\/v2\/types\/page"}],"author":[{"embeddable":true,"href":"https:\/\/www.uebersberg.de\/index.php\/wp-json\/wp\/v2\/users\/1"}],"replies":[{"embeddable":true,"href":"https:\/\/www.uebersberg.de\/index.php\/wp-json\/wp\/v2\/comments?post=108"}],"version-history":[{"count":5,"href":"https:\/\/www.uebersberg.de\/index.php\/wp-json\/wp\/v2\/pages\/108\/revisions"}],"predecessor-version":[{"id":957,"href":"https:\/\/www.uebersberg.de\/index.php\/wp-json\/wp\/v2\/pages\/108\/revisions\/957"}],"wp:attachment":[{"href":"https:\/\/www.uebersberg.de\/index.php\/wp-json\/wp\/v2\/media?parent=108"}],"curies":[{"name":"wp","href":"https:\/\/api.w.org\/{rel}","templated":true}]}}

Aktivitäten

<figure class="wp-block-image"><img loading="lazy" decoding="async" width="750" height="268" src="https://www.uebersberg.de/wp-content/uploads/2019/01/burg.png" alt="" class="wp-image-601" srcset="https://www.uebersberg.de/wp-content/uploads/2019/01/burg.png 750w, https://www.uebersberg.de/wp-content/uploads/2019/01/burg-300x107.png 300w" sizes="auto, (max-width: 750px) 100vw, 750px" /></figure>



<p>Unser Flugplatz befindet sich thermisch günstig gelegen fast direkt auf der Albkante, am Rande des wunderschönen Biospährengebietes Schwäbische Alb. Damit ist unser Segelflugplatz ein ideales Startgelände für Flüge die Albkante entlang und in den Süden Deutschlands.</p>



<p>Auf unserem 1200mx400m großen Fluggelände fliegen vier Vereine, die sich zur Flugsportgemeinschaft Übersberg zusammengeschlossen haben. Das Fluggelände wird in Gemeinschaft betrieben und unterhalten.</p>



<p>Hier eine Übersicht der nächsten Veranstaltungen auf dem Übersberg:</p>



<table class="wp-block-table has-fixed-layout is-style-stripes"><tbody><tr><td>Arbeitskreis Sektoren</td><td>15.02.2019</td></tr><tr><td>Arbeitseinsatz</td><td>30.03.2019</td></tr><tr><td>Walpurgisnacht</td><td>30.04.2019</td></tr><tr><td> Übersberg Wettbewerb   </td><td> 08.06.-15.06.2019</td></tr></tbody></table>

<p>Unser Flugplatz befindet sich thermisch günstig gelegen fast direkt auf der Albkante, am Rande des wunderschönen Biospährengebietes Schwäbische Alb. Damit ist unser Segelflugplatz ein ideales Startgelände für Flüge die Albkante entlang und in den Süden Deutschlands. Auf unserem 1200mx400m großen</p>
