{"id":185,"date":"2019-01-03T20:45:13","date_gmt":"2019-01-03T20:45:13","guid":{"rendered":"https:\/\/www.uebersberg.de\/?page_id=185"},"modified":"2019-01-22T13:09:19","modified_gmt":"2019-01-22T13:09:19","slug":"fsvu","status":"publish","type":"page","link":"https:\/\/www.uebersberg.de\/index.php\/fsvu\/","title":{"rendered":"FSV\u00dc"},"content":{"rendered":"\n<p>Die Flugsportvereinigung \u00dcbersberg ist ein Zusammenschluss aus den vier auf dem Segelfluggel\u00e4nde \u00dcbersberg fliegenden Vereinen die gemeinsam das Flugsportzentrum \u00dcbersberg betreiben.<\/p>\n\n\n\n<p>Die vier auf dem \u00dcbersberg fliegenden Vereine sind:<\/p>\n\n\n\n<p><a href=\"https:\/\/www.uebersberg.de\/index.php\/reutlingen\">Luftsportverein Reutlingen e.V.<\/a> <br><a href=\"https:\/\/www.uebersberg.de\/index.php\/tubingen\">AKAflieg T\u00fcbingen e.V.<\/a><br><a href=\"https:\/\/www.uebersberg.de\/index.php\/heinkel\">Flugsportgemeinschaft Heinkel e.V.<\/a><br><a href=\"https:\/\/www.uebersberg.de\/index.php\/pliezhausen\">Fliegergruppe Pliezhausen e.V.<\/a> <\/p>\n\n\n\n<p>Auf unseren Internetseiten m\u00f6chten wir unseren Flugplatz pr\u00e4sentieren, \u00fcber die M\u00f6glichkeiten f\u00fcr Fluglager anderer Vereine informieren und den \u00dcbersberg Segelflugwettbewerb vorstellen, sowie w\u00e4hrend des Wettbewerbs aktuelle Berichte \u00fcber das Geschehen in der Luft liefern.<\/p>\n\n\n\n<p>Wir w\u00fcnschen viel Spa\u00df beim St\u00f6bern auf unseren Seiten!<\/p>\n","protected":false},"excerpt":{"rendered":"<p>Die Flugsportvereinigung \u00dcbersberg ist ein Zusammenschluss aus den vier auf dem Segelfluggel\u00e4nde \u00dcbersberg fliegenden Vereinen die gemeinsam das Flugsportzentrum \u00dcbersberg betreiben. Die vier auf dem \u00dcbersberg fliegenden Vereine sind: Luftsportverein Reutlingen e.V. AKAflieg T\u00fcbingen e.V.Flugsportgemeinschaft Heinkel e.V.Fliegergruppe Pliezhausen e.V. Auf<\/p>\n","protected":false},"author":2,"featured_media":0,"parent":0,"menu_order":0,"comment_status":"closed","ping_status":"closed","template":"","meta":{"ngg_post_thumbnail":0,"footnotes":""},"class_list":["post-185","page","type-page","status-publish","hentry"],"_links":{"self":[{"href":"https:\/\/www.uebersberg.de\/index.php\/wp-json\/wp\/v2\/pages\/185","targetHints":{"allow":["GET"]}}],"collection":[{"href":"https:\/\/www.uebersberg.de\/index.php\/wp-json\/wp\/v2\/pages"}],"about":[{"href":"https:\/\/www.uebersberg.de\/index.php\/wp-json\/wp\/v2\/types\/page"}],"author":[{"embeddable":true,"href":"https:\/\/www.uebersberg.de\/index.php\/wp-json\/wp\/v2\/users\/2"}],"replies":[{"embeddable":true,"href":"https:\/\/www.uebersberg.de\/index.php\/wp-json\/wp\/v2\/comments?post=185"}],"version-history":[{"count":6,"href":"https:\/\/www.uebersberg.de\/index.php\/wp-json\/wp\/v2\/pages\/185\/revisions"}],"predecessor-version":[{"id":889,"href":"https:\/\/www.uebersberg.de\/index.php\/wp-json\/wp\/v2\/pages\/185\/revisions\/889"}],"wp:attachment":[{"href":"https:\/\/www.uebersberg.de\/index.php\/wp-json\/wp\/v2\/media?parent=185"}],"curies":[{"name":"wp","href":"https:\/\/api.w.org\/{rel}","templated":true}]}}