{"id":192,"date":"2019-01-03T20:45:13","date_gmt":"2019-01-03T20:45:13","guid":{"rendered":"https:\/\/www.uebersberg.de\/?page_id=192"},"modified":"2023-02-17T08:21:18","modified_gmt":"2023-02-17T08:21:18","slug":"infos-fur-piloten","status":"publish","type":"page","link":"https:\/\/www.uebersberg.de\/index.php\/infos-fur-piloten\/","title":{"rendered":"Infos f\u00fcr Piloten"},"content":{"rendered":"\n<figure class=\"wp-block-image\"><img loading=\"lazy\" decoding=\"async\" width=\"750\" height=\"268\" src=\"https:\/\/www.uebersberg.de\/wp-content\/uploads\/2019\/01\/anflug.png\" alt=\"\" class=\"wp-image-869\" srcset=\"https:\/\/www.uebersberg.de\/wp-content\/uploads\/2019\/01\/anflug.png 750w, https:\/\/www.uebersberg.de\/wp-content\/uploads\/2019\/01\/anflug-300x107.png 300w\" sizes=\"auto, (max-width: 750px) 100vw, 750px\" \/><\/figure>\n\n\n\n<p><strong>Anflug auf den \u00dcbersberg<\/strong><br>Falls Sie uns auf dem \u00dcbersberg mit dem Flugzeug besuchen wollen, melden Sie sich bei Flugbetrieb bitte rechtzeitig auf der Frequenz 119.435MHz (\u00dcbersberg Radio).\u00a0Unser Flugplatz ist f\u00fcr Segelflugzeuge, Motorsegler und Ultraleichtflugzeuge zugelassen.<\/p>\n\n\n\n<p>Falls Sie mit einem Motorflugzeug anreisen wollen, muss vorher eine Au\u00dfenlandegenehmigung beim RP T\u00fcbingen eingeholt werden.<br>Telefonisch ist unser Flugplatz unter der Nummer 07121-81861 zu erreichen.<\/p>\n\n\n\n<p><strong>L\u00e4rmschutz-Bereich G\u00f6llesberg<\/strong><br>Motorgetriebene Luftfahrzeuge haben den Luftraum \u00fcber der Siedlung G\u00f6llesberg zu meiden (siehe&nbsp;Anflugkarte unten).<br>Bitte dort auch als Segelflieger keinen Turbo nutzen &#8211; dies&nbsp;bitte in den Norden verlagern!<\/p>\n\n\n\n<figure class=\"wp-block-image\"><img loading=\"lazy\" decoding=\"async\" width=\"1024\" height=\"1024\" src=\"https:\/\/www.uebersberg.de\/wp-content\/uploads\/2019\/01\/Anflugkarte_Uebersberg-1024x1024.png\" alt=\"\" class=\"wp-image-338\" srcset=\"https:\/\/www.uebersberg.de\/wp-content\/uploads\/2019\/01\/Anflugkarte_Uebersberg-1024x1024.png 1024w, https:\/\/www.uebersberg.de\/wp-content\/uploads\/2019\/01\/Anflugkarte_Uebersberg-150x150.png 150w, https:\/\/www.uebersberg.de\/wp-content\/uploads\/2019\/01\/Anflugkarte_Uebersberg-300x300.png 300w, https:\/\/www.uebersberg.de\/wp-content\/uploads\/2019\/01\/Anflugkarte_Uebersberg-768x768.png 768w, https:\/\/www.uebersberg.de\/wp-content\/uploads\/2019\/01\/Anflugkarte_Uebersberg-270x270.png 270w, https:\/\/www.uebersberg.de\/wp-content\/uploads\/2019\/01\/Anflugkarte_Uebersberg-230x230.png 230w, https:\/\/www.uebersberg.de\/wp-content\/uploads\/2019\/01\/Anflugkarte_Uebersberg.png 1999w\" sizes=\"auto, (max-width: 1024px) 100vw, 1024px\" \/><figcaption>Anflugkarte \u00dcbersberg mit L\u00e4rmschutzgebiet.<\/figcaption><\/figure>\n\n\n\n<p><strong>Segelflug Sektoren und Luftraum Stuttgart<\/strong><br>Der \u00dcbersberg liegt ca. 4 Kilometer innerhalb des Segelflugsektors Alb S\u00fcd sowie nur knapp au\u00dferhalb des Sektors Alb Nord, d.h. unterhalb des Luftraums D&nbsp;des Verkehrsflughafens Stuttgart. Der Luftraum D&nbsp;beginnt \u00fcber dem \u00dcbersberg in FL 75, n\u00f6rdlich bereits in 4500ft und ist normalerweise der Verkehrsfliegerei vorbehalten. \u00dcber dem \u00dcbersberg gibt es jedoch zwei Segelflugsektoren: Alb Nord und Alb S\u00fcd. Diese Gebiete&nbsp;durch die&nbsp;Fluglotsen auch \u00fcber der regul\u00e4ren&nbsp;H\u00f6henbegrenzung f\u00fcr den Segelflug freigegeben werden. Diese H\u00f6henfreigaben richten sich oft nach der Basish\u00f6he und werden w\u00e4hrend des Briefings bekannt gegeben. Aufgrund sich ver\u00e4ndernder Wetterbedingungen kann es vorkommen, dass die H\u00f6henfreigabe im Laufe des Tages variiert. Die aktuelle H\u00f6henfreigabe f\u00fcr den Sektor Alb kann \u00fcber das Segelflug ATIS von Stuttgart (EDDS) auf der Frequenz&nbsp;134,500MHz&nbsp;abgeh\u00f6rt oder bei der&nbsp;Luftaufsicht der Hahnweide auf der Frequenz 123.25MHz abgefragt werden.&nbsp;<br><em>ACHTUNG: Diese H\u00f6henfreigabe gilt nur f\u00fcr Segelflugzeuge bzw. Motorsegler in Segelflugkonfiguration. Touring-Motorsegler sowie Motorflugzeuge m\u00fcssen immer die H\u00f6henbegrenzungen einhalten oder bei Langen Information (128.95MHz) eine Freigabe einholen.<\/em><\/p>\n\n\n\n<p><a href=\"https:\/\/www.bwlv.de\/verband-service\/ak-sektoren\/luftrauminformationen.html?tx_hdownloads_kdownloads%5Bdownload%5D=218&amp;tx_hdownloads_kdownloads%5Bcontroller%5D=Download&amp;cHash=2aedc0f166d4293b3f5fb81cebe8dc97\" target=\"_blank\" rel=\"noopener\">Segelflugsektoren Stuttgart<\/a> (BWLV-Seiten)<\/p>\n\n\n\n<p><a href=\"https:\/\/www.bwlv.de\/verband-service\/ak-sektoren\/luftrauminformationen.html\" target=\"_blank\" rel=\"noopener\">Segelflug-Regelungen Stuttgart<\/a> (BWLV-Seiten)<\/p>\n\n\n\n<figure class=\"wp-block-image\"><img loading=\"lazy\" decoding=\"async\" width=\"1024\" height=\"527\" src=\"https:\/\/www.uebersberg.de\/wp-content\/uploads\/2019\/01\/landebahnen-1024x527.png\" alt=\"\" class=\"wp-image-255\" srcset=\"https:\/\/www.uebersberg.de\/wp-content\/uploads\/2019\/01\/landebahnen-1024x527.png 1024w, https:\/\/www.uebersberg.de\/wp-content\/uploads\/2019\/01\/landebahnen-300x154.png 300w, https:\/\/www.uebersberg.de\/wp-content\/uploads\/2019\/01\/landebahnen-768x395.png 768w, https:\/\/www.uebersberg.de\/wp-content\/uploads\/2019\/01\/landebahnen.png 1107w\" sizes=\"auto, (max-width: 1024px) 100vw, 1024px\" \/><figcaption>Die Landefelder auf dem \u00dcbersberg.<\/figcaption><\/figure>\n\n\n\n<p>\u00dcbersberg Radio: 119,435 MHz<br>\u00d6ffnungszeiten: PPR<br>Flugleitung: Tel.: 07121\/81861<br>048\u00b027&#8217;33&#8243;N, 009\u00b017&#8217;50&#8243;O, H\u00f6he: 780m = 2559ft MSL<br>Startbahn: 26 1020x30m<br>Startbahn: 08 785x30m<br>Landebahn: 26 780x30m<br>Landebahn: 08 790x30m<br><\/p>\n","protected":false},"excerpt":{"rendered":"<p>Anflug auf den \u00dcbersbergFalls Sie uns auf dem \u00dcbersberg mit dem Flugzeug besuchen wollen, melden Sie sich bei Flugbetrieb bitte rechtzeitig auf der Frequenz 119.435MHz (\u00dcbersberg Radio).\u00a0Unser Flugplatz ist f\u00fcr Segelflugzeuge, Motorsegler und Ultraleichtflugzeuge zugelassen. Falls Sie mit einem Motorflugzeug<\/p>\n","protected":false},"author":2,"featured_media":0,"parent":0,"menu_order":0,"comment_status":"closed","ping_status":"closed","template":"","meta":{"ngg_post_thumbnail":0,"footnotes":""},"class_list":["post-192","page","type-page","status-publish","hentry"],"_links":{"self":[{"href":"https:\/\/www.uebersberg.de\/index.php\/wp-json\/wp\/v2\/pages\/192","targetHints":{"allow":["GET"]}}],"collection":[{"href":"https:\/\/www.uebersberg.de\/index.php\/wp-json\/wp\/v2\/pages"}],"about":[{"href":"https:\/\/www.uebersberg.de\/index.php\/wp-json\/wp\/v2\/types\/page"}],"author":[{"embeddable":true,"href":"https:\/\/www.uebersberg.de\/index.php\/wp-json\/wp\/v2\/users\/2"}],"replies":[{"embeddable":true,"href":"https:\/\/www.uebersberg.de\/index.php\/wp-json\/wp\/v2\/comments?post=192"}],"version-history":[{"count":24,"href":"https:\/\/www.uebersberg.de\/index.php\/wp-json\/wp\/v2\/pages\/192\/revisions"}],"predecessor-version":[{"id":1243,"href":"https:\/\/www.uebersberg.de\/index.php\/wp-json\/wp\/v2\/pages\/192\/revisions\/1243"}],"wp:attachment":[{"href":"https:\/\/www.uebersberg.de\/index.php\/wp-json\/wp\/v2\/media?parent=192"}],"curies":[{"name":"wp","href":"https:\/\/api.w.org\/{rel}","templated":true}]}}