{"id":652,"date":"2019-01-14T21:53:52","date_gmt":"2019-01-14T21:53:52","guid":{"rendered":"https:\/\/www.uebersberg.de\/?page_id=652"},"modified":"2019-06-16T13:17:06","modified_gmt":"2019-06-16T13:17:06","slug":"wettbewerbsblog","status":"publish","type":"page","link":"https:\/\/www.uebersberg.de\/index.php\/wettbewerbsblog\/","title":{"rendered":"16. \u00dcbersberg Wettbewerb &#8211; Blog"},"content":{"rendered":"\n<p><strong><em>[16.06.2019] Das Finale!<\/em><\/strong><\/p>\n\n\n\n<p>Durch einen halbwegs fliegbaren Tag hatten wir als sch\u00f6nen Abschluss unseres 16. \u00dcbersberg Wettbewerbs gestern noch einmal einen Wertungstag. Und damit standen dann auch die Gesamtsieger fest, die beim Abschlussfest geb\u00fchrend gefeiert wurden.<\/p>\n\n\n\n<p>In der Standard-Klasse\ngehen die ersten drei Pl\u00e4tze an: <\/p>\n\n\n\n<ol class=\"wp-block-list\"><li>Lucas Hugenberg, Std. Libelle, \u201eKJ\u201c<\/li><li>Wilhelm Spreng, Std. Libelle, \u201eSL\u201c<\/li><li>Paul Wissmann, Discus 2b, \u201eMP\u201c<\/li><\/ol>\n\n\n\n<p>In der Offenen\nKlasse: <\/p>\n\n\n\n<ol class=\"wp-block-list\"><li>&nbsp;Hansj\u00f6rg\nBeutel, ASW 28E 18m, \u201eMB\u201c<\/li><li>&nbsp;Felix Blendinger und Jochen Franz, Discus 2c\nFES , \u201eRT\u201c<\/li><li>&nbsp;Rainer\nKienzle, Discus 2c T, \u201eFK\u201c<\/li><\/ol>\n\n\n\n<p>Herzlichen Gl\u00fcckwunsch zu den tollen Ergebnissen! In diesem Jahr musste jeder geflogene Kilometer hart erk\u00e4mpft werden \u2013 die Stimmung war aber durchweg prima. Die Vereine der Flugsportvereinigung \u00dcbersberg freuen sich schon auf den n\u00e4chsten Wettbewerb in 2021 und hoffen, dass wir viele Teilnehmer wiedersehen werden. <\/p>\n\n\n\nngg_shortcode_0_placeholder\n\n\n\n<p><strong><em>[15.06.2019] Der letzte Wettbewerbstag<\/em><\/strong><\/p>\n\n\n\n<p>Heute ist leider schon der letzte Tag unseres Wettbewerbs &#8211; aber wie es aussieht, k\u00f6nnen wir in die Luft! Aufbau l\u00e4uft &#8211; um 12 Uhr ist Startbereitschaft. Nutzt auch heute nochmal die Gelegenheit das Wettbewerbsfeld live mitzuverfolgen &#8211; die tagesaktuellen Links findet ihr hier: https:\/\/www.uebersberg.de\/index.php\/livetracking\/<\/p>\n\n\n\n<figure class=\"wp-block-image\"><img loading=\"lazy\" decoding=\"async\" width=\"1000\" height=\"668\" src=\"https:\/\/www.uebersberg.de\/wp-content\/uploads\/2019\/06\/9A0C531F-BBD8-4C09-88A2-5DDAD818F1FE.gif\" alt=\"\" class=\"wp-image-1176\"\/><\/figure>\n\n\n\n<p><strong><em>[14.06.2019] Heute viel Wind&#8230;<\/em><\/strong><\/p>\n\n\n\n<p>&#8230; und thermisch leider nicht ausreichend f\u00fcr einen Wertungstag. Jetzt setzen wir auf den morgigen letzten Wettbewerbstag und sind gespannt, was das Wetter so macht. <\/p>\n\n\n\n<figure class=\"wp-block-image\"><img loading=\"lazy\" decoding=\"async\" width=\"1024\" height=\"576\" src=\"https:\/\/www.uebersberg.de\/wp-content\/uploads\/2019\/06\/MST5850_oKZ-1024x576.jpg\" alt=\"\" class=\"wp-image-1173\" srcset=\"https:\/\/www.uebersberg.de\/wp-content\/uploads\/2019\/06\/MST5850_oKZ-1024x576.jpg 1024w, https:\/\/www.uebersberg.de\/wp-content\/uploads\/2019\/06\/MST5850_oKZ-300x169.jpg 300w, https:\/\/www.uebersberg.de\/wp-content\/uploads\/2019\/06\/MST5850_oKZ-768x432.jpg 768w, https:\/\/www.uebersberg.de\/wp-content\/uploads\/2019\/06\/MST5850_oKZ.jpg 2000w\" sizes=\"auto, (max-width: 1024px) 100vw, 1024px\" \/><\/figure>\n\n\n\n<p><strong><em>[13.06.2019] Weiter geht&#8217;s!<\/em><\/strong><\/p>\n\n\n\n<p>Heute ging es endlich wieder rund: Zwei \u201eRacing Tasks\u201c standen auf dem Programm. Die offene Klasse ging \u00fcber Reiselfingen, Freudenstadt und Geisingen \u2013 die Standardklasse \u00fcber Kirnbergsee, Alpirsbach und das Klippeneck. Voller Tatendrang starteten alle Teilnehmer in die Tagesaufgabe und am Ende haben wir wieder eine Wertung! Herzlichen Gl\u00fcckwunsch an Hansj\u00f6rg Beutel auf der ASW 28-18 E \u201eMB\u201c aus der Offenen Klasse und Stefan Meiler auf Standard Libelle \u201eM7\u201c. <\/p>\n\n\n\nngg_shortcode_1_placeholder\n\n\n\n<p><strong><em>[12.06.2019] Endlich wieder geflogen<\/em><\/strong><\/p>\n\n\n\n<p>Mittlerweile sind alle Wettbewerbsteilnehmer wieder zur\u00fcck am Platz. Einige sind leider nicht \u00fcber die Umgebung des Platzes hinausgekommen, andere k\u00e4mpften sich so weit wie m\u00f6glich durch \u2013 mussten dann aber entweder den Motor laufen lassen oder au\u00dfenlanden. Leider hat es am Ende des Tages nicht f\u00fcr eine Wertung gereicht. Trotzdem hatten unsere Piloten spannende Fl\u00fcge und morgen bekommen wir dann hoffentlich wieder \u201erichtiges\u201c Segelflugwetter. <\/p>\n\n\n\n<p>[Korrektur: F\u00fcr die Standardklasse hat es doch zur Wertung gereicht. Michael Meixner hat auf der LS4 &#8220;F3&#8221; den ersten Platz in der Tageswertung erreicht. Herzlichen Gl\u00fcckwunsch!]<\/p>\n\n\n\nngg_shortcode_2_placeholder\n\n\n\n<p><strong><em>[12.06.2019] Wettbewerbstag 5 &#8211; Der Tag startet im Nebel<\/em><\/strong><\/p>\n\n\n\n<p>Zum heutigen Briefing musste man zuerst den Weg in die Halle\ndurch den Nebel finden und dank starkem Regen auf dem Hallenblechdach war die\nAkustik ebenfalls eine kleine Herausforderung. Aber: Unser Wetterfrosch Marocco\ngibt nicht auf und ist der festen \u00dcberzeugung, dass wir heute Nachmittag fliegen\nk\u00f6nnen! \ud83d\ude42<\/p>\n\n\n\nngg_shortcode_3_placeholder\n\n\n\n<p><em><strong>[11.06.2019] Wettbewerbstag 4 &#8211;  Morgenstimmung auf dem \u00dcbersberg\u2026<\/strong><\/em><\/p>\n\n\n\nngg_shortcode_4_placeholder\n\n\n\n<p><strong><em>[10.06.2019] Wettbewerbstag 3 &#8211; Nicht ganz wie erwartet&#8230; <\/em><\/strong><\/p>\n\n\n\n<p>Ok, das hat heute doch nicht ganz so geklappt. Das fliegbare Zeitfenster war sehr sehr kurz und so wurde um 12 Uhr der heutige Wettbewerbstag nun doch neutralisiert. Gegen 14 Uhr kam der angek\u00fcndigte kr\u00e4ftige Regen, so dass es ein Indoor-Nachmittag wurde.  <\/p>\n\n\n\nngg_shortcode_5_placeholder\n\n\n\n<p>F\u00fcr den abendlichen Zeitvertreib sorgte ein kleiner Bericht \u00fcber einen Ausflug nach England zur Duxford Flying Legends Airshow. Acht Piloten des Luftsportvereins Reutlingen machten sich in 2018 vom \u00dcbersberg auf die Reise und berichteten von den Erlebnissen.<\/p>\n\n\n\n<p><strong><em>[10.06.2019] Wettbewerbstag 3 &#8211; Es wird aufgebaut! <\/em><\/strong><\/p>\n\n\n\n<p>Im Morgenbriefing erkl\u00e4rt uns Marocco heute, dass wir von 12-15 Uhr tats\u00e4chlich mit einem fliegbaren Wetterfenster rechnen k\u00f6nnen: Aufbau 08, Startbereitschaft 11:30 Uhr. Wir sind gespannt, was der Tag bringt.  \ud83d\ude42<\/p>\n\n\n\nngg_shortcode_6_placeholder\n\n\n\n<p><strong><em>[09.06.2019] Wettbewerbstag neutralisiert<\/em><\/strong><\/p>\n\n\n\n<p>Heute startete unser Tag zwar sonnig, es kam aber dann, wie im Wetterbriefing vorhergesagt: \u201emiese Blauthermik\u201c bis ca. 15 Uhr und dann einsetzender Regen. Somit war schon heute morgen klar: Der Wettbewerbstag wird neutralisiert.  <\/p>\n\n\n\n<p>Einige\nhaben das kleine Zeitfenster f\u00fcr ein paar Runden um den Platz\ngenutzt \u2013 so auch Tim F\u00fcrste, der heute seine ersten drei\nAlleinfl\u00fcge absolviert und sich damit \u201efreigeflogen\u201c hat.\nHerzlichen Gl\u00fcckw\u00fcnsch von allen Fliegerkameraden und allzeit gute\nFl\u00fcge! \n<\/p>\n\n\n\n<p>Im\nLaufe des Nachmittags haben unsere Modellflieger auch noch ein\nkleines Wetterfenster gefunden und feilten an ihrem \u201eFahrradstart\u201c.\n\n<\/p>\n\n\n\nngg_shortcode_7_placeholder\n\n\n\n<p><strong><em>[08.06.2019] Der erste Wertungstag<\/em><\/strong><\/p>\n\n\n\n<p>Einige\nhaben das kleine Zeitfenster f\u00fcr ein paar Runden um den Platz\ngenutzt \u2013 so auch Tim F\u00fcrste, der heute seine ersten drei\nAlleinfl\u00fcge absolviert und sich damit \u201efreigeflogen\u201c hat.\nHerzlichen Gl\u00fcckw\u00fcnsch von allen Fliegerkameraden und allzeit gute\nFl\u00fcge! \n<\/p>\n\n\n\n<p>Im\nLaufe des Nachmittags haben unsere Modellflieger auch noch ein\nkleines Wetterfenster gefunden und feilten an ihrem \u201eFahrradstart\u201c.\n\n<\/p>\n\n\n\n<p>Die Ergebnisse des ersten Wertungstags sind online! <a href=\"https:\/\/www.soaringspot.com\/de\/16-ubersberg-wettbewerb-2019-ubersberg-2019\/results\" target=\"_blank\" rel=\"noopener noreferrer\">https:\/\/www.soaringspot.com\/de\/16-ubersberg-wettbewerb-2019-ubersberg-2019\/results<\/a><\/p>\n\n\n\n<p>Mit dem heutigen Tag hatten wir einen tollen Start in unseren\nWettbewerb. Nach kalter Nacht begann der offizielle Teil des Tages um 10 Uhr\nmit dem mittlerweile fast legend\u00e4ren Wetterbriefing von Jochen Franz (aka Marocco),\ndas sich im Kern mit \u201eviel Blauthermik\u201c und \u201eviel Wind\u201c zusammenfassen lie\u00df. Felix\nstellte dann die heutigen Aufgaben vor: in beiden Klassen (Offen und Standard)\nein AAT (Assigned Area Task): \u00dcbersberg \u2013 Merklingen \u2013 Furtwangen \u2013 \u00dcbersberg, mit\nleicht unterschiedlichen Auspr\u00e4gungen. Ziel bei einem AAT ist es, eine\nm\u00f6glichst gro\u00dfe Strecke in einer vorgegebenen Zeit zur\u00fcckzulegen. Diese Aufgabe\nhaben Jochen Franz vom LV Reutlingen im Discus 2T in der Offenen Klasse und Lucas\nHugenberg vom LSV Albatros in der Standard Libelle WL in der Standard Klasse heute\nam besten gemeistert. Beiden herzlichen Gl\u00fcckwunsch zum Tagessieg!<\/p>\n\n\n\nngg_shortcode_8_placeholder\n\n\n\n<p><strong><em>[07.06.2019] Der Vorabend des Wettbewerbs<\/em><\/strong><\/p>\n\n\n\n<p>Endlich geht es los \u2013 \u00fcberall erwartungsvolle Vorfreude auf den\nGesichtern! Heute war Anreisetag und das erste Briefing. Nachdem wir uns am\nGrill st\u00e4rken konnten, startete um 20 Uhr unser Wettbewerbsteam \u2013 Flip\n(Organisation), Felix (Sportleiter) und Marocco (Wetterbriefing) \u2013 mit der\noffiziellen Begr\u00fc\u00dfung und den ersten Informationen. 22 Flugzeuge aus 8 Vereinen\nnehmen in diesem Jahr am Wettbewerb teil. Wir w\u00fcnschen allen Teilnehmern viel\nErfolg und vor allem eine Menge Spa\u00df! <\/p>\n\n\n\nngg_shortcode_9_placeholder\n\n\n\n<p> <strong><em>[05.05.2019] &#8211; kleines Update des Anmeldeformulars und der Ausschreibung<\/em><\/strong> <\/p>\n\n\n\n<p>Leider hatte sich da ein Tippfehler eingeschlichen. <br>Der Anmeldeschluss sollte nat\u00fcrlich \u00fcberall das gleiche Datum sein, n\u00e4mlich der <strong>15. Mai 2019<\/strong>. Das ist jetzt korrigiert. Sorry! Flip <\/p>\n\n\n\n<p> <strong><em>[16.01.2019] <\/em><\/strong> <\/p>\n\n\n\n<p>Mit dieser Seite wollen wir euch vor dem Wettbewerb stets auf dem Laufenden halten, w\u00e4hrend des Wettbewerbs die Ereignisse festhalten und nach dem Wettbewerb ein bisschen in Erinnerungen schwelgen. \ud83d\ude42 <br>To be continued&#8230; <\/p>\n","protected":false},"excerpt":{"rendered":"<p>[16.06.2019] Das Finale! Durch einen halbwegs fliegbaren Tag hatten wir als sch\u00f6nen Abschluss unseres 16. \u00dcbersberg Wettbewerbs gestern noch einmal einen Wertungstag. Und damit standen dann auch die Gesamtsieger fest, die beim Abschlussfest geb\u00fchrend gefeiert wurden. In der Standard-Klasse gehen<\/p>\n","protected":false},"author":2,"featured_media":0,"parent":0,"menu_order":0,"comment_status":"closed","ping_status":"closed","template":"","meta":{"ngg_post_thumbnail":0,"footnotes":""},"class_list":["post-652","page","type-page","status-publish","hentry"],"_links":{"self":[{"href":"https:\/\/www.uebersberg.de\/index.php\/wp-json\/wp\/v2\/pages\/652","targetHints":{"allow":["GET"]}}],"collection":[{"href":"https:\/\/www.uebersberg.de\/index.php\/wp-json\/wp\/v2\/pages"}],"about":[{"href":"https:\/\/www.uebersberg.de\/index.php\/wp-json\/wp\/v2\/types\/page"}],"author":[{"embeddable":true,"href":"https:\/\/www.uebersberg.de\/index.php\/wp-json\/wp\/v2\/users\/2"}],"replies":[{"embeddable":true,"href":"https:\/\/www.uebersberg.de\/index.php\/wp-json\/wp\/v2\/comments?post=652"}],"version-history":[{"count":29,"href":"https:\/\/www.uebersberg.de\/index.php\/wp-json\/wp\/v2\/pages\/652\/revisions"}],"predecessor-version":[{"id":1193,"href":"https:\/\/www.uebersberg.de\/index.php\/wp-json\/wp\/v2\/pages\/652\/revisions\/1193"}],"wp:attachment":[{"href":"https:\/\/www.uebersberg.de\/index.php\/wp-json\/wp\/v2\/media?parent=652"}],"curies":[{"name":"wp","href":"https:\/\/api.w.org\/{rel}","templated":true}]}}

16. Übersberg Wettbewerb &#8211; Blog

<p><strong><em>[16.06.2019] Das Finale!</em></strong></p>



<p>Durch einen halbwegs fliegbaren Tag hatten wir als schönen Abschluss unseres 16. Übersberg Wettbewerbs gestern noch einmal einen Wertungstag. Und damit standen dann auch die Gesamtsieger fest, die beim Abschlussfest gebührend gefeiert wurden.</p>



<p>In der Standard-Klasse
gehen die ersten drei Plätze an: </p>



<ol class="wp-block-list"><li>Lucas Hugenberg, Std. Libelle, „KJ“</li><li>Wilhelm Spreng, Std. Libelle, „SL“</li><li>Paul Wissmann, Discus 2b, „MP“</li></ol>



<p>In der Offenen
Klasse: </p>



<ol class="wp-block-list"><li>&nbsp;Hansjörg
Beutel, ASW 28E 18m, „MB“</li><li>&nbsp;Felix Blendinger und Jochen Franz, Discus 2c
FES , „RT“</li><li>&nbsp;Rainer
Kienzle, Discus 2c T, „FK“</li></ol>



<p>Herzlichen Glückwunsch zu den tollen Ergebnissen! In diesem Jahr musste jeder geflogene Kilometer hart erkämpft werden – die Stimmung war aber durchweg prima. Die Vereine der Flugsportvereinigung Übersberg freuen sich schon auf den nächsten Wettbewerb in 2021 und hoffen, dass wir viele Teilnehmer wiedersehen werden. </p>



ngg_shortcode_0_placeholder



<p><strong><em>[15.06.2019] Der letzte Wettbewerbstag</em></strong></p>



<p>Heute ist leider schon der letzte Tag unseres Wettbewerbs &#8211; aber wie es aussieht, können wir in die Luft! Aufbau läuft &#8211; um 12 Uhr ist Startbereitschaft. Nutzt auch heute nochmal die Gelegenheit das Wettbewerbsfeld live mitzuverfolgen &#8211; die tagesaktuellen Links findet ihr hier: https://www.uebersberg.de/index.php/livetracking/</p>



<figure class="wp-block-image"><img loading="lazy" decoding="async" width="1000" height="668" src="https://www.uebersberg.de/wp-content/uploads/2019/06/9A0C531F-BBD8-4C09-88A2-5DDAD818F1FE.gif" alt="" class="wp-image-1176"/></figure>



<p><strong><em>[14.06.2019] Heute viel Wind&#8230;</em></strong></p>



<p>&#8230; und thermisch leider nicht ausreichend für einen Wertungstag. Jetzt setzen wir auf den morgigen letzten Wettbewerbstag und sind gespannt, was das Wetter so macht. </p>



<figure class="wp-block-image"><img loading="lazy" decoding="async" width="1024" height="576" src="https://www.uebersberg.de/wp-content/uploads/2019/06/MST5850_oKZ-1024x576.jpg" alt="" class="wp-image-1173" srcset="https://www.uebersberg.de/wp-content/uploads/2019/06/MST5850_oKZ-1024x576.jpg 1024w, https://www.uebersberg.de/wp-content/uploads/2019/06/MST5850_oKZ-300x169.jpg 300w, https://www.uebersberg.de/wp-content/uploads/2019/06/MST5850_oKZ-768x432.jpg 768w, https://www.uebersberg.de/wp-content/uploads/2019/06/MST5850_oKZ.jpg 2000w" sizes="auto, (max-width: 1024px) 100vw, 1024px" /></figure>



<p><strong><em>[13.06.2019] Weiter geht&#8217;s!</em></strong></p>



<p>Heute ging es endlich wieder rund: Zwei „Racing Tasks“ standen auf dem Programm. Die offene Klasse ging über Reiselfingen, Freudenstadt und Geisingen – die Standardklasse über Kirnbergsee, Alpirsbach und das Klippeneck. Voller Tatendrang starteten alle Teilnehmer in die Tagesaufgabe und am Ende haben wir wieder eine Wertung! Herzlichen Glückwunsch an Hansjörg Beutel auf der ASW 28-18 E „MB“ aus der Offenen Klasse und Stefan Meiler auf Standard Libelle „M7“. </p>



ngg_shortcode_1_placeholder



<p><strong><em>[12.06.2019] Endlich wieder geflogen</em></strong></p>



<p>Mittlerweile sind alle Wettbewerbsteilnehmer wieder zurück am Platz. Einige sind leider nicht über die Umgebung des Platzes hinausgekommen, andere kämpften sich so weit wie möglich durch – mussten dann aber entweder den Motor laufen lassen oder außenlanden. Leider hat es am Ende des Tages nicht für eine Wertung gereicht. Trotzdem hatten unsere Piloten spannende Flüge und morgen bekommen wir dann hoffentlich wieder „richtiges“ Segelflugwetter. </p>



<p>[Korrektur: Für die Standardklasse hat es doch zur Wertung gereicht. Michael Meixner hat auf der LS4 &#8220;F3&#8221; den ersten Platz in der Tageswertung erreicht. Herzlichen Glückwunsch!]</p>



ngg_shortcode_2_placeholder



<p><strong><em>[12.06.2019] Wettbewerbstag 5 &#8211; Der Tag startet im Nebel</em></strong></p>



<p>Zum heutigen Briefing musste man zuerst den Weg in die Halle
durch den Nebel finden und dank starkem Regen auf dem Hallenblechdach war die
Akustik ebenfalls eine kleine Herausforderung. Aber: Unser Wetterfrosch Marocco
gibt nicht auf und ist der festen Überzeugung, dass wir heute Nachmittag fliegen
können! 🙂</p>



ngg_shortcode_3_placeholder



<p><em><strong>[11.06.2019] Wettbewerbstag 4 &#8211;  Morgenstimmung auf dem Übersberg…</strong></em></p>



ngg_shortcode_4_placeholder



<p><strong><em>[10.06.2019] Wettbewerbstag 3 &#8211; Nicht ganz wie erwartet&#8230; </em></strong></p>



<p>Ok, das hat heute doch nicht ganz so geklappt. Das fliegbare Zeitfenster war sehr sehr kurz und so wurde um 12 Uhr der heutige Wettbewerbstag nun doch neutralisiert. Gegen 14 Uhr kam der angekündigte kräftige Regen, so dass es ein Indoor-Nachmittag wurde.  </p>



ngg_shortcode_5_placeholder



<p>Für den abendlichen Zeitvertreib sorgte ein kleiner Bericht über einen Ausflug nach England zur Duxford Flying Legends Airshow. Acht Piloten des Luftsportvereins Reutlingen machten sich in 2018 vom Übersberg auf die Reise und berichteten von den Erlebnissen.</p>



<p><strong><em>[10.06.2019] Wettbewerbstag 3 &#8211; Es wird aufgebaut! </em></strong></p>



<p>Im Morgenbriefing erklärt uns Marocco heute, dass wir von 12-15 Uhr tatsächlich mit einem fliegbaren Wetterfenster rechnen können: Aufbau 08, Startbereitschaft 11:30 Uhr. Wir sind gespannt, was der Tag bringt.  🙂</p>



ngg_shortcode_6_placeholder



<p><strong><em>[09.06.2019] Wettbewerbstag neutralisiert</em></strong></p>



<p>Heute startete unser Tag zwar sonnig, es kam aber dann, wie im Wetterbriefing vorhergesagt: „miese Blauthermik“ bis ca. 15 Uhr und dann einsetzender Regen. Somit war schon heute morgen klar: Der Wettbewerbstag wird neutralisiert.  </p>



<p>Einige
haben das kleine Zeitfenster für ein paar Runden um den Platz
genutzt – so auch Tim Fürste, der heute seine ersten drei
Alleinflüge absolviert und sich damit „freigeflogen“ hat.
Herzlichen Glückwünsch von allen Fliegerkameraden und allzeit gute
Flüge! 
</p>



<p>Im
Laufe des Nachmittags haben unsere Modellflieger auch noch ein
kleines Wetterfenster gefunden und feilten an ihrem „Fahrradstart“.

</p>



ngg_shortcode_7_placeholder



<p><strong><em>[08.06.2019] Der erste Wertungstag</em></strong></p>



<p>Einige
haben das kleine Zeitfenster für ein paar Runden um den Platz
genutzt – so auch Tim Fürste, der heute seine ersten drei
Alleinflüge absolviert und sich damit „freigeflogen“ hat.
Herzlichen Glückwünsch von allen Fliegerkameraden und allzeit gute
Flüge! 
</p>



<p>Im
Laufe des Nachmittags haben unsere Modellflieger auch noch ein
kleines Wetterfenster gefunden und feilten an ihrem „Fahrradstart“.

</p>



<p>Die Ergebnisse des ersten Wertungstags sind online! <a href="https://www.soaringspot.com/de/16-ubersberg-wettbewerb-2019-ubersberg-2019/results" target="_blank" rel="noopener noreferrer">https://www.soaringspot.com/de/16-ubersberg-wettbewerb-2019-ubersberg-2019/results</a></p>



<p>Mit dem heutigen Tag hatten wir einen tollen Start in unseren
Wettbewerb. Nach kalter Nacht begann der offizielle Teil des Tages um 10 Uhr
mit dem mittlerweile fast legendären Wetterbriefing von Jochen Franz (aka Marocco),
das sich im Kern mit „viel Blauthermik“ und „viel Wind“ zusammenfassen ließ. Felix
stellte dann die heutigen Aufgaben vor: in beiden Klassen (Offen und Standard)
ein AAT (Assigned Area Task): Übersberg – Merklingen – Furtwangen – Übersberg, mit
leicht unterschiedlichen Ausprägungen. Ziel bei einem AAT ist es, eine
möglichst große Strecke in einer vorgegebenen Zeit zurückzulegen. Diese Aufgabe
haben Jochen Franz vom LV Reutlingen im Discus 2T in der Offenen Klasse und Lucas
Hugenberg vom LSV Albatros in der Standard Libelle WL in der Standard Klasse heute
am besten gemeistert. Beiden herzlichen Glückwunsch zum Tagessieg!</p>



ngg_shortcode_8_placeholder



<p><strong><em>[07.06.2019] Der Vorabend des Wettbewerbs</em></strong></p>



<p>Endlich geht es los – überall erwartungsvolle Vorfreude auf den
Gesichtern! Heute war Anreisetag und das erste Briefing. Nachdem wir uns am
Grill stärken konnten, startete um 20 Uhr unser Wettbewerbsteam – Flip
(Organisation), Felix (Sportleiter) und Marocco (Wetterbriefing) – mit der
offiziellen Begrüßung und den ersten Informationen. 22 Flugzeuge aus 8 Vereinen
nehmen in diesem Jahr am Wettbewerb teil. Wir wünschen allen Teilnehmern viel
Erfolg und vor allem eine Menge Spaß! </p>



ngg_shortcode_9_placeholder



<p> <strong><em>[05.05.2019] &#8211; kleines Update des Anmeldeformulars und der Ausschreibung</em></strong> </p>



<p>Leider hatte sich da ein Tippfehler eingeschlichen. <br>Der Anmeldeschluss sollte natürlich überall das gleiche Datum sein, nämlich der <strong>15. Mai 2019</strong>. Das ist jetzt korrigiert. Sorry! Flip </p>



<p> <strong><em>[16.01.2019] </em></strong> </p>



<p>Mit dieser Seite wollen wir euch vor dem Wettbewerb stets auf dem Laufenden halten, während des Wettbewerbs die Ereignisse festhalten und nach dem Wettbewerb ein bisschen in Erinnerungen schwelgen. 🙂 <br>To be continued&#8230; </p>

<p>[16.06.2019] Das Finale! Durch einen halbwegs fliegbaren Tag hatten wir als schönen Abschluss unseres 16. Übersberg Wettbewerbs gestern noch einmal einen Wertungstag. Und damit standen dann auch die Gesamtsieger fest, die beim Abschlussfest gebührend gefeiert wurden. In der Standard-Klasse gehen</p>
