{"id":965,"date":"2019-02-14T23:02:52","date_gmt":"2019-02-14T23:02:52","guid":{"rendered":"https:\/\/www.uebersberg.de\/?page_id=965"},"modified":"2019-05-05T05:43:48","modified_gmt":"2019-05-05T05:43:48","slug":"ausschreibung","status":"publish","type":"page","link":"https:\/\/www.uebersberg.de\/index.php\/ausschreibung\/","title":{"rendered":"16. \u00dcbersberg Wettbewerb &#8211; Ausschreibung"},"content":{"rendered":"\n<p>Die <strong>Anmeldeunterlagen<\/strong> gibt er <a href=\"https:\/\/www.uebersberg.de\/wp-content\/uploads\/2019\/05\/Uebe19_Anmeldung_v2.pdf\">hier<\/a> zum Download.<br>Die <strong>Ausschreibung<\/strong> gibt er <a href=\"https:\/\/www.uebersberg.de\/wp-content\/uploads\/2019\/05\/Uebe19_Ausschreibung_v2.pdf\">hier <\/a>zum Download. <\/p>\n\n\n\n<p style=\"text-align:center\"><br><br>Unter der Schirmherrschaft der Flugsportvereinigung \u00dcbersberg findet in diesem Fr\u00fchsommer<\/p>\n\n\n\n<p style=\"text-align:center\"><strong>in der Pfingstwoche: vom Freitag, den 07. Juni (19 Uhr) bis Samstag, den 15. Juni 2019<\/strong><\/p>\n\n\n\n<p style=\"text-align:center\">zum 16ten Mal der \u00dcbersberg-Segelflugwettbewerb statt.<\/p>\n\n\n\n<p><br>Gemeinsam richten auch dieses Jahr wieder die vier \u00dcbersberger Vereine den alle zwei Jahre stattfindenden \u201e\u00dcbersberg Wettbewerb\u201c aus.<\/p>\n\n\n\n<p>Der Freundschaftswettbewerb richtet sich an alle ambitionierten Piloten \u2013 mit und ohne Wettbewerbserfahrung. Das F\u00f6rdern des Strecken- und Leistungssegelflugs und der Erfahrungsaustausch unter Segelfliegern stehen dabei im Vordergrund. Dem fliegerischen Nachwuchs wollen wir die M\u00f6glichkeit bieten erste Erfahrungen im Wettbewerbsflug zu sammeln. Die Fl\u00fcge werden wettbewerbsm\u00e4\u00dfig durchgef\u00fchrt.<\/p>\n\n\n\n<p>Wie gewohnt und bereits viele Wettbewerb bew\u00e4hrt, erfolgt bei uns der Start an den Startwinden. Damit bringen wir Euch an den beiden Winden auf zwei Startbahnen schnell und kosteng\u00fcnstig in die Luft. Anschluss an die Thermik finden ist kein Problem \u2013 wir sind ja auf der schw\u00e4bischen Alb!<\/p>\n\n\n\n<p>Unser Wettbewerbsgebiet umfasst neben der schw\u00e4bischen Alb unter anderem den Schwarzwald und das Altm\u00fchltal.<\/p>\n\n\n\n<p>Damit Ihr Euch bei uns auch wohlf\u00fchlt, bieten wir Euch eine gute Infrastruktur an mit einem modernen Clubheim, komfortablen Sanit\u00e4ranlagen und auch Aufenthaltsr\u00e4ume f\u00fcr schlechte Wetterlagen. Des weiteren stellen wir Euch kostenlos WLAN f\u00fcr Eure Flugvorbereitung zur Verf\u00fcgung und es besteht die M\u00f6glichkeit sich Backwaren beim morgendlichen Br\u00f6tchenservice zu bestellen. Ebenso offerieren wir eine Abendverpflegung, wenn Ihr nicht kochen oder Euch anderweitig selbst verpflegen wollt.<\/p>\n\n\n\n<p><strong>1. Zweck<\/strong><\/p>\n\n\n\n<p>Der 16. \u00dcbersberg-Segelflugwettbewerb 2019 ist keine \u00f6ffentliche Veranstaltung, sondern ein Freundschaftswettbewerb. Er soll den Strecken- und Leistungssegelflug f\u00f6rdern und die Gelegenheit zum Erfahrungsaustausch unter Segelfliegern bieten, bei dem die Fl\u00fcge wettbewerbsm\u00e4\u00dfig durchgef\u00fchrt werden. Dem fliegerischen Nachwuchs wird dadurch die M\u00f6glichkeit geboten, erste Erfahrungen im Wettbewerbsflug zu sammeln.<\/p>\n\n\n\n<p><strong>2. Veranstalter<\/strong><\/p>\n\n\n\n<p>Flugsportvereinigung \u00dcbersberg e.V. (FSV\u00dc) Am Heilbrunnen 131 Wettbewerbsleitung: Philipp Nierkamp 72766 Reutlingen Sportleitung: Felix Blendinger<\/p>\n\n\n\n<p><strong>3. Kontaktadresse (Anmeldung)<\/strong><\/p>\n\n\n\n<p>Philipp Nierkamp \/ LV Reutlingen e.V. Telefon: 0151 1672 5734<br>Am Heilbrunnen 131, 72766 Reutlingen, E-Mail: <a href=\"mailto:wettbewerb@uebersberg.de\">wettbewerb@uebersberg.de<\/a><\/p>\n\n\n\n<p>Homepage im Internet: <a href=\"http:\/\/www.uebersberg.de\">http:\/\/www.uebersberg.de<\/a><\/p>\n\n\n\n<p><strong>4. Ort<\/strong><\/p>\n\n\n\n<p>Der Wettbewerb findet auf dem Segelfluggel\u00e4nde \u00dcbersberg bei Reutlingen statt.<\/p>\n\n\n\n<p><strong>5. Termin<\/strong><\/p>\n\n\n\n<p>Der 16. \u00dcbersberg-Segelflugwettbewerb wird in der Zeit vom <strong>07. Juni 2019 um 19 Uhr (1. Briefing) bis 15. Juni 2019 (ab 20 Uhr Siegerehrung &amp; Abschlussfest)<\/strong> durchgef\u00fchrt. Die Anreise erfolgt am Freitag, den 07. Juni 2019.<\/p>\n\n\n\n<p><strong>6. Klassen<\/strong><\/p>\n\n\n\n<p>Der Wettbewerb wird f\u00fcr Segelflugzeuge (Eigenstartf\u00e4hig und Nicht-Eigenstartf\u00e4hig) in folgenden Klassen durchgef\u00fchrt:<\/p>\n\n\n\n<p>\u2022 Clubklasse (Flugzeuge bis Index 106)<br>\u2022 Standardklasse (Flugzeuge mit 15m Spannweite der FAI Standard- und Rennklasse)<br>\u2022 Leistungsklasse (Flugzeuge der Offenen- und 18m Klasse)<br>\u2022 Doppelsitzerklasse<\/p>\n\n\n\n<p>Ist die Teilnehmerzahl einer Klasse kleiner als sechs Flugzeuge, kann diese an eine geeignete Klasse angeschlossen werden. F\u00fcr die verschiedenen Flugzeugtypen folgt die Wertung angelehnt an die Wettbewerbsordnung f\u00fcr Segelflugmeisterschaften der Segelflugkommission des DAEC mit dem aktuellen Index. Eine Anpassung der Klassendefinition anhand der teilnehmenden Flugzeugtypen ist m\u00f6glich. Eine m\u00f6gliche Gewichtsbeschr\u00e4nkung der 18m \u2013 Offenen und Doppelsitzerklasse wird am Er\u00f6ffnungsbriefing bekannt gegeben. \u00c4nderungen der Gewichtsbeschr\u00e4nkung w\u00e4hrend des Wettbewerbs behalten wir uns vor.<\/p>\n\n\n\n<p>Startart: Windenstart<\/p>\n\n\n\n<p><strong>7. Dokumentation der Wettbewerbsfl\u00fcge<\/strong><\/p>\n\n\n\n<p>Die Beurkundung von Start, Abflug, Umrundung, \u00dcberflug und Landung erfolgt ausschlie\u00dflich mit zugelassenen Flugdatenloggern und, &#8211; soweit nichts anderes bestimmt wird &#8211; in \u00dcbereinstimmung mit dem &#8220;Code Sportif&#8221;, Sektion 3, Klasse D, der IGC und der &#8220;Ordnung f\u00fcr deutsche Segelflugmeisterschaften&#8221; in der jeweils letztg\u00fcltigen Fassung. Eine Fotodokumentation ist nicht zul\u00e4ssig. <strong>Das Auslesen der Flugdaten aus dem Flugdatenlogger liegt in der Verantwortung des Teilnehmers.<\/strong> Dem Auswertungsteam sind die g\u00fcltigen IGC Dateien auf einem \u00fcblichen Datentr\u00e4ger (USB-Stick, SD oder CF Karten usw.) <strong>sp\u00e4testens 30 Minuten nach der Landung<\/strong> beziehungsweise umgehend nach der R\u00fcckkehr von einer Au\u00dfenlandung zu \u00fcberbringen. Bei Ausfall des Prim\u00e4rsystems werden als Sekund\u00e4rsystem auch Flugdaten nicht IGC zugelassener Aufzeichnungsger\u00e4te, wie beispielsweise auslesbare Variometersysteme (z.B. Filser LX4000, ILEC, Flarm) akzeptiert. Der Teilnehmer hat hierbei ebenfalls die Pflicht die ausgelesene Datei dem Auswertungsteam auf einem \u00fcblichen Datentr\u00e4ger zu bringen.<\/p>\n\n\n\n<p><strong>8. Teilnahmebedingungen<\/strong><\/p>\n\n\n\n<p>Jeder Teilnehmer\/in muss einen g\u00fcltigen Luftfahrerschein mit Windenschleppberechtigung, ein g\u00fcltiges flieger\u00e4rztliches Tauglichkeitszeugnis und ein g\u00fcltiges Funksprechzeugnis besitzen. Bei Flugzeugf\u00fchrern, die zu Beginn des Wettbewerbs noch nicht vollj\u00e4hrig sind, m\u00fcssen Einwilligungserkl\u00e4rungen beider Elternteile oder des gesetzlichen Vertreters vorliegen. Es k\u00f6nnen mehrere Pilotinnen\/Piloten auf einem Flugzeug in einer Mannschaft fliegen.<\/p>\n\n\n\n<p><strong>9. Meldung und Geb\u00fchren<\/strong><\/p>\n\n\n\n<p>Die ausgef\u00fcllten Anmeldeformulare sowie die ausgef\u00fcllte Einzugsberechtigung sind bis zum <strong>Meldeschluss am Freitag, den 15. Mai 2019<\/strong> per Post oder Email zu senden an:<\/p>\n\n\n\n<p><strong>Philipp Nierkamp \/ LV Reutlingen e.V \/ Am Heilbrunnen 131 \/ 72766 Reutlingen Email: <\/strong><a href=\"mailto:wettbewerb@uebersberg.de\"><strong>wettbewerb@uebersberg.de<\/strong><\/a><\/p>\n\n\n\n<p>Bis zum Anmeldeschluss nicht vollst\u00e4ndig vorliegende Anmeldungen, insbesondere bei fehlender Einzugserm\u00e4chtigung oder fehlender Meldegeb\u00fchr, k\u00f6nnen leider nicht ber\u00fccksichtigt werden.<\/p>\n\n\n\n<p style=\"text-align:center\"><strong>Die Meldegeb\u00fchr betr\u00e4gt pro Flugzeug: \u20ac 100,-<\/strong><\/p>\n\n\n\n<p style=\"text-align:center\"><strong>Erm\u00e4\u00dfigte Meldegeb\u00fchr f\u00fcr Sch\u00fcler\/innen und Studenten\/innen: \u20ac 75,-<\/strong><\/p>\n\n\n\n<p>Jede Person (Teilnehmer, sowie auch Begleiter) hat pro Tag eine Campinggeb\u00fchr in H\u00f6he von 8\u20ac zu entrichten (Sch\u00fcler\/Studenten\/Kinder bis zum 18. Lebensjahr 6\u20ac und Kinder unter 6 Jahren sind frei). Diese werden ebenso wie die Geb\u00fchren f\u00fcr den Windenschlepp (\u20ac 10,- \/ Start) nach Ende des Wettbewerbs eingezogen.<\/p>\n\n\n\n<p><strong>Die Meldegeb\u00fchr ist zeitgleich mit der Anmeldung auf folgendes Konto zu \u00fcberweisen:<\/strong><\/p>\n\n\n\n<p>Flugsportvereinigung \u00dcbersberg e.V.<br>IBAN DE75 6415 0020 0001 6430 40<br>Kreissparkasse T\u00fcbingen<br>BIC SOLADES1TUB<\/p>\n\n\n\n<p style=\"text-align:center\"><strong>Die Anmeldung wird erst g\u00fcltig, wenn die Meldegeb\u00fchr eingegangen ist!<\/strong><\/p>\n\n\n\n<p><strong>10. Segelflugzeuge<\/strong><\/p>\n\n\n\n<p>Die teilnehmenden Flugzeuge m\u00fcssen nach den gesetzlichen Vorschriften ausger\u00fcstet und zugelassen sein. Ein zugelassenes Funkger\u00e4t mit den folgenden Frequenzen muss w\u00e4hrend dem Flug mitgef\u00fchrt werden:<\/p>\n\n\n\n<p>119.435 MHz \u00dcbersberg-Info \/ Wettbewerbsleitung<br>123.175 MHz Bord-Bord<br>119.050 MHz Stuttgart Turm (H\u00f6rbereitschaft in Sektor Alb notwendig)<br>119.325 MHz Segelflug ATIS Stuttgart<\/p>\n\n\n\n<p>Bei den Wettbewerbsfl\u00fcgen ist au\u00dferdem ein Rettungsfallschirm mitzuf\u00fchren.<\/p>\n\n\n\n<p><strong>11.Wettbewerbskennzeichen<\/strong><\/p>\n\n\n\n<p>Die teilnehmenden Flugzeuge m\u00fcssen ein Wettbewerbskennzeichen besitzen. Falls kein Wettbewerbskennzeichen vorhanden ist, wird von der Wettbewerbsleitung ein Kennzeichen zugeteilt. Das Wettbewerbskennzeichen muss entsprechend der Wettbewerbsordnung f\u00fcr Segelflugmeisterschaften am Flugzeug angebracht werden.<\/p>\n\n\n\n<p><strong>12. Unterkunft und Verpflegung<\/strong><\/p>\n\n\n\n<p>Die Kosten f\u00fcr die Unterkunft und Verpflegung sind von jedem Teilnehmer selbst zu tragen. Auf dem \u00dcbersberg besteht Campingm\u00f6glichkeit. Sanit\u00e4re Anlagen sind im Hallenanbau verf\u00fcgbar. Es besteht die M\u00f6glichkeit der Teilnahme an einer Gemeinschaftsverpflegung auf dem \u00dcbersberg, eine Kochgelegenheit k\u00f6nnen wir den Teilnehmer leider nicht zur Verf\u00fcgung stellen.<\/p>\n\n\n\n<p>Ausk\u00fcnfte \u00fcber alternative Unterkunftsm\u00f6glichkeiten erteilt die<\/p>\n\n\n\n<p>Stadtmarketing und Tourismus GmbH (StaRT)<br>Telefon 07121 &#8211; 93935300<br>Fax: 07121 &#8211; 93935310<\/p>\n\n\n\n<p>Internet: <a href=\"http:\/\/www.tourismus-reutlingen.de\">http:\/\/www.tourismus-reutlingen.de<\/a><\/p>\n\n\n\n<p><strong>13. Haftung<\/strong><\/p>\n\n\n\n<p>Der Teilnehmer und ggf. der Eigent\u00fcmer erkl\u00e4ren mit Abgabe der Meldung, dass sie, au\u00dfer in F\u00e4llen von Vorsatz und grober Fahrl\u00e4ssigkeit, auf alle Schadensersatzanspr\u00fcche gegen\u00fcber dem Veranstalter und dem Ausrichter, sowie gegen\u00fcber deren Organen und Erf\u00fcllungsgehilfen verzichten. Dieser Verzicht erstreckt sich auch auf Anspr\u00fcche Dritter, soweit diese eigene Anspr\u00fcche herleiten k\u00f6nnen. Dieser Verzicht gilt nicht insofern und in der H\u00f6he, als die Ersatzpflichtigen durch eine Versicherung abgedeckt sind. Der Einsatz von FLARM erfolgt ausschlie\u00dflich in eigener Verantwortung. Es wird ausdr\u00fccklich darauf hingewiesen, dass FLARM den Piloten NICHT von der eigenverantwortlichen Luftraumbeobachtung entbindet. Der Teilnehmer erkl\u00e4rt ferner, dass er die Vorschriften der Ausschreibung und der Ausf\u00fchrungsbestimmungen in allen Punkten anerkennt. Der Rechtsweg ist hierbei ausgeschlossen. Soweit der Teilnehmer mit einem in fremden Eigentum stehenden Flugzeug an dem Wettbewerb teilnimmt, erkl\u00e4rt der Eigent\u00fcmer des Flugzeuges, dass er mit einer Haftungsbeschr\u00e4nkung f\u00fcr Anspr\u00fcche wegen eines Schadens an seinem Flugzeug einverstanden ist. Bei Minderj\u00e4hrigen sind die Unterschriften der gesetzlichen Vertreter erforderlich.<\/p>\n\n\n\n<p>Februar 2019, Philipp Nierkamp<\/p>\n\n\n\n<p>Wettbewerbsleitung<\/p>\n","protected":false},"excerpt":{"rendered":"<p>Die Anmeldeunterlagen gibt er hier zum Download.Die Ausschreibung gibt er hier zum Download. Unter der Schirmherrschaft der Flugsportvereinigung \u00dcbersberg findet in diesem Fr\u00fchsommer in der Pfingstwoche: vom Freitag, den 07. Juni (19 Uhr) bis Samstag, den 15. Juni 2019 zum<\/p>\n","protected":false},"author":1,"featured_media":0,"parent":0,"menu_order":0,"comment_status":"closed","ping_status":"closed","template":"","meta":{"ngg_post_thumbnail":0,"footnotes":""},"class_list":["post-965","page","type-page","status-publish","hentry"],"_links":{"self":[{"href":"https:\/\/www.uebersberg.de\/index.php\/wp-json\/wp\/v2\/pages\/965","targetHints":{"allow":["GET"]}}],"collection":[{"href":"https:\/\/www.uebersberg.de\/index.php\/wp-json\/wp\/v2\/pages"}],"about":[{"href":"https:\/\/www.uebersberg.de\/index.php\/wp-json\/wp\/v2\/types\/page"}],"author":[{"embeddable":true,"href":"https:\/\/www.uebersberg.de\/index.php\/wp-json\/wp\/v2\/users\/1"}],"replies":[{"embeddable":true,"href":"https:\/\/www.uebersberg.de\/index.php\/wp-json\/wp\/v2\/comments?post=965"}],"version-history":[{"count":17,"href":"https:\/\/www.uebersberg.de\/index.php\/wp-json\/wp\/v2\/pages\/965\/revisions"}],"predecessor-version":[{"id":1062,"href":"https:\/\/www.uebersberg.de\/index.php\/wp-json\/wp\/v2\/pages\/965\/revisions\/1062"}],"wp:attachment":[{"href":"https:\/\/www.uebersberg.de\/index.php\/wp-json\/wp\/v2\/media?parent=965"}],"curies":[{"name":"wp","href":"https:\/\/api.w.org\/{rel}","templated":true}]}}